0111011
In base 6, what is 550 + 0?
550
In base 14, what is 7cc - 0?
7cc
In base 8, what is -15 - 25?
-42
In base 3, what is -1112 - -112?
-1000
In base 5, what is -4 - -33?
24
In base 13, what is -1 + -178?
-179
In base 4, what is -102 + 100103?
100001
In base 8, what is -200 + 4?
-174
In base 16, what is -1e6 + -2?
-1e8
In base 13, what is -7 - b?
-15
In base 15, what is 6 + 1514?
151a
In base 14, what is -2b - 34?
-61
In base 9, what is -14 - 346?
-361
In base 7, what is 264 - 3?
261
In base 5, what is -3 + 340?
332
In base 4, what is 11103 + 3?
11112
In base 15, what is -4a7 - 4?
-4ab
In base 13, what is 76 - -4?
7a
In base 10, what is -5 - -159?
154
In base 15, what is -1 - b?
-c
In base 8, what is -21 - 1357?
-1400
In base 6, what is -22 - 1351?
-1413
In base 14, what is 10bd + -3?
10ba
In base 6, what is 1 - -13?
14
In base 12, what is 1 - -184?
185
In base 15, what is -2 + 114?
112
In base 13, what is 516 + 8?
521
In base 13, what is 50 + 5?
55
In base 11, what is -8 + -280?
-288
In base 14, what is 1 + 0?
1
In base 9, what is -180 + 48?
-131
In base 10, what is -2337 + 4?
-2333
In base 4, what is 1 + 12010?
12011
In base 12, what is -3 - 31?
-34
In base 14, what is 4c0 - 5?
4b9
In base 7, what is -11 + -413?
-424
In base 4, what is -10 + 312023?
312013
In base 5, what is -4 + 3340?
3331
In base 14, what is -52 + 4?
-4c
In base 7, what is -445 - 12?
-460
In base 12, what is -53 + 8?
-47
In base 6, what is 234 - -21?
255
In base 2, what is -10101001001 - -1?
-10101001000
In base 4, what is -1200 + 31?
-1103
In base 3, what is -2211 + 110?
-2101
In base 3, what is -1010 - 2021?
-10101
In base 14, what is -49 + -1?
-4a
In base 3, what is -111222020 + -10?
-111222100
In base 7, what is 125 - 16?
106
In base 14, what is -2 + 16?
14
In base 8, what is -7 + 23?
14
In base 4, what is 100212 + -12?
100200
In base 5, what is 2143 + 10?
2203
In base 7, what is 216 - -1?
220
In base 10, what is -2 - 52?
-54
In base 12, what is 23 - 7?
18
In base 15, what is 4 - 1493?
-148e
In base 11, what is -3 + -87?
-8a
In base 11, what is 5 + 1a5?
1aa
In base 9, what is -21 - 404?
-425
In base 11, what is 0 - 1461?
-1461
In base 15, what is -d - 3d?
-4b
In base 15, what is -5 + -ad?
-b3
In base 3, what is 1011110 + 1?
1011111
In base 6, what is -4 + 3000?
2552
In base 3, what is 2 + 2221122?
2221201
In base 2, what is 11 - 110001101?
-110001010
In base 4, what is 1 + -1100?
-1033
In base 10, what is -3 - 138?
-141
In base 14, what is -4 - 23?
-27
In base 12, what is 76 + 99?
153
In base 5, what is 10 - -1121?
1131
In base 14, what is -1 - 12a4?
-12a5
In base 13, what is 1c - 1?
1b
In base 4, what is 2 + -3333?
-3331
In base 10, what is 5 - 2?
3
In base 8, what is -1 + -725?
-726
In base 5, what is 320 - 0?
320
In base 15, what is -1 - 25?
-26
In base 16, what is -5 + 8f?
8a
In base 15, what is 63d + -3?
63a
In base 8, what is -1 + 21401?
21400
In base 14, what is 14aa - -3?
14ad
In base 3, what is -100 + -20?
-120
In base 2, what is 1 - -111010001?
111010010
In base 8, what is -1 + 1177?
1176
In base 7, what is 163 - 132?
31
In base 7, what is -32456 - 5?
-32464
In base 13, what is 7 + -31?
-27
In base 3, what is 12110 - -2?
12112
In base 5, what is 4 + -230?
-221
In base 11, what is -1 + -5a?
-60
In base 4, what is -11 - -1012?
1001
In base 6, what is 1 + -210?
-205
In base 4, what is 1211 - -23?
1300
In base 9, what is -72 + -22?
-104
In base 12, what is 18 + a?
26
In base 7, what is -2006 - -4?
-2002
In base 8, what is 6714 - 5?
6707
In base 8, what is -10 - 6332?
-6342
In base 16, what is 1 + 21?
22
In base 7, what is 410 + 20?
430
In base 15, what is 22 + 6?
28
In base 8, what is 6622 + -4?
6616
In base 13, what is 4 - 17?
-13
In base 3, what is 11 - -101102?
101120
In base 9, what is 527 - 8?
518
In base 2, what is 100000101 - -1?
100000110
In base 10, what is 652 + 3?
655
In base 16, what is -68 - 4?
-6c
In base 11, what is -2 + 491?
48a
In base 6, what is 11200 - 0?
11200
In base 13, what is c7 - -15?
10c
In base 7, what is 3 - 43?
-40
In base 4, what is 11 + -10030?
-10013
In base 5, what is -1443 + 2?
-1441
In base 7, what is -4 - -244?
240
In base 8, what is -12 + 17?
5
In base 2, what is -11 - -1111011101?
1111011010
In base 9, what is 20 - 1?
18
In base 13, what is 53 - -39?
8c
In base 15, what is -4 + -a72?
-a76
In base 13, what is 1 + 44?
45
In base 9, what is -664 + 2?
-662
In base 14, what is 5 - -19c2?
19c7
In base 8, what is -444 + -5?
-451
In base 7, what is 256 + 0?
256
In base 12, what is 2 + -249?
-247
In base 4, what is -1 - -132103?
132102
In base 14, what is 7 - -2b?
34
In base 12, what is 1 - -78?
79
In base 3, what is -10000 - 20?
-10020
In base 13, what is 35a + 5?
362
In base 5, what is 2030 - -4?
2034
In base 5, what is -11 + -10343?
-10404
In base 12, what is 5 - -11b?
124
In base 5, what is 41 + 0?
41
In base 8, what is -1 - -2?
1
In base 2, what is -1110011001 + -101?
-1110011110
In base 14, what is -79 + 0?
-79
In base 14, what is 4 + 0?
4
In base 6, what is -1021 - 5?
-1030
In base 5, what is -2220 + -10?
-2230
In base 2, what is -1011 - -1000111?
111100
In base 3, what is 101 + -12022?
-11221
In base 12, what is -1aa - 6?
-1b4
In base 14, what is d1 - -2?
d3
In base 9, what is 78 + 41?
130
In base 2, what is 0 + -1100010?
-1100010
In base 16, what is c8 - -34?
fc
In base 4, what is 100 - -3?
103
In base 12, what is -3b + -5?
-44
In base 12, what is -5 - -50?
47
In base 13, what is 47 - 40?
7
In base 16, what is 5 - 1?
4
In base 4, what is -212000 + -3?
-212003
In base 10, what is 1821 - -2?
1823
In base 13, what is 19 - -3?
1c
In base 2, what is 1100110100 - 10000?
1100100100
In base 16, what is -8 - 196?
-19e
In base 16, what is -c + -54?
-60
In base 2, what is -1000101111 - 100?
-1000110011
In base 10, what is -54 - -96?
42
In base 13, what is b8 + 4a?
135
In base 4, what is -3133 + 2?
-3131
In base 4, what is -11321 + 10?
-11311
In base 3, what is -1 + 12002?
12001
In base 16, what is -4 + -4c?
-50
In base 2, what is 0 + 1100011?
1100011
In base 8, what is 13 + 243?
256
In base 10, what is -259 - -2?
-257
In base 8, what is 143 + 27?
172
In base 12, what is 5 - -23?
28
In base 5, what is 3 - -3?
11
In base 9, what is 4 - 1227?
-1223
In base 12, what is 4 - 20?
-18
In base 9, what is -44 + -4?
-48
In base 2, what is -1011 + -11011?
-100110
In base 6, what is 1053 + 52?
1145
In base 8, what is 12 - -16?
30
In base 2, what is 1010110100011 - -10?
1010110100101
In base 8, what is 5 - -133?
140
In base 10, what is -253 - 28?
-281
In base 15, what is 76a - -4?
76e
In base 13, what is 4 + a8b?
a92
In base 5, what is -133 - -2?
-131
In base 12, what is 934 - 4?
930
In base 14, what is 77 + 3?
7a
In base 7, what is -102 - -3?
-66
In base 2, what is 1010 + -110000?
-100110
In base 13, what is -31 - 1?
-32
In base 11, what is -3 - 635?
-638
In base 3, what is -20201 + 11?
-20120
In base 15, what is 1 + -6d?
-6c
In base 6, what is 0 - 111?
-111
In base 5, what is -130 - -32?
-43
In base 9, what is 2 - -36?
38
In base 16, what is cc + 34?
100
In base 2, what is -1001 - 1000?
-10001
In base 15, what is a2 + 1d?
c0
In base 3, what is -221 - 1211?
-2202
In base 13, what is -49 + 4?
-45
In base 7, what is -15 - -23?
5
In base 14, what is -12 + 0?
-12
In base 16, what is -dd9 - -2?
-dd7
In base 2, what is 11 - -110001?
110100
In base 12, what is -66 + 2?
-64
In base 6, what is 3 - 135?
-132
In base 6, what is 1 + -1222?
-1221
In base 4, what is -3 + 112?
103
In base 10, what is -130 + -1?
-131
In base 4, what is -10 - -11222?
11212
In base 13, what is -43 - -56?
13
In base 9, what is -403 + 5?
-387
In base 15, what is -bc + 0?
-bc
In base 11, what is -3 - 9?
-11
In base 4, what is 0 + -101122?
-101122
In base 16, what is 5 + -34?
-2f
In base 16, what is -6 + e?
8
In base 6, what is 1501 + 2?
1503
In base 9, what is -8665 - 1?
-8666
In base 16, what is 0 - 13c?
-13c
In base 3, what is -220 - -211?
-2
In base 10, what is -297 - 2?
-299
In base 8, what is -25 + 53?
26
In base 8, what is 73 - 7?
64
In base 11, what is 4 + 4a?
53
In base 4, what is -12 + 210?
132
In base 9, what is 13 - 40?
-26
In base 11, what is -229 - -3?
-226
In base 3, what is -12121 - 2?
-12200
In base 14, what is -2 - -5a?
58
In base 5, what is -22113 + 24?
-22034
